(-46).
234
Let a(f) = -f**3 - 53*f**2 + 37*f - 928. What is a(-54)?
-10
Let u(r) = 2*r**3 - 3*r**2 + 69. Determine u(0).
69
Let v(z) = 7*z**3 + 36*z**2 - 162*z - 2. Calculate v(-8).
14
Let n(j) = j**2 + 69*j + 1041. Determine n(-22).
7
Let p(q) = q**2 - 58*q + 1076. Give p(46).
524
Let q(d) = -115*d - 2063. Give q(-18).
7
Let l(r) = 23*r**3 + 854*r**2 + 111*r + 8. What is l(-37)?
8
Let m(a) = -2*a**2 + 3382*a - 6761. Calculate m(2).
-5
Let n(w) = -32*w + 126. Calculate n(-4).
254
Let s(n) = -2*n**3 + 11*n**2 + 1204*n - 4859. What is s(4)?
5
Let v(z) = -z**2 + 486*z + 16029. Give v(-31).
2
Let h(z) = 2*z**3 + 116*z**2 - 238*z + 120. Give h(-60).
0
Let v(x) = -5*x**3 - 66*x**2 - 74*x - 17. Calculate v(-12).
7
Let j(h) = 37*h - 711. What is j(19)?
-8
Let t(i) = 200*i - 244. Calculate t(1).
-44
Let s(p) = 2824*p + 16949. Give s(-6).
5
Let q(k) = -202*k + 4639. Give q(23).
-7
Let g(u) = 168*u + 12083. What is g(-72)?
-13
Let q(c) = 19*c**2 - 100*c + 4. Calculate q(6).
88
Let v(c) = 372*c - 1498. What is v(4)?
-10
Let l(z) = z**3 + 25*z**2 - 13*z + 1104. Give l(-27).
-3
Let d(u) = u**3 + 5*u**2 - 177*u - 4. What is d(-16)?
12
Let w(u) = 5*u + 106. Determine w(-12).
46
Let j(s) = s**3 + 76*s**2 - 769*s + 58. What is j(9)?
22
Let h(m) = 934*m - 2809. Calculate h(3).
-7
Let y(i) = -37*i - 1125. Calculate y(-32).
59
Let k(u) = -1429*u - 7047. What is k(-5)?
98
Let l(k) = 2*k**3 + 27*k**2 + 91*k + 8. What is l(-7)?
8
Let m(f) = -f**2 + 313*f + 3235. Give m(-10).
5
Let v(q) = -27*q**2 - 249*q + 156. Give v(-10).
-54
Let c(x) = -4*x**3 + 10*x**2 + 1177*x - 117. Give c(-16).
-5
Let u(b) = 3*b**2 - 14*b - 451. Calculate u(15).
14
Let d(r) = 154*r + 1220. What is d(-8)?
-12
Let o(i) = 341*i + 5180. Calculate o(-15).
65
Let u(v) = v**3 + v**2 - v - 12. Give u(4).
64
Let k(i) = i**3 - 174*i**2 - 14040*i - 4. Determine k(-60).
-4
Let a(k) = k**2 - 12*k + 42. What is a(0)?
42
Let r(x) = 17*x - 897. Determine r(42).
-183
Let h(w) = 2*w**2 + 149*w + 1235. Give h(-9).
56
Let f(n) = 2*n**3 + 8*n**2 - 9*n - 23. Calculate f(-4).
13
Let u(a) = 133*a**2 + 11168*a - 335. What is u(-84)?
1
Let j(z) = z**2 - 310*z + 3575. What is j(12)?
-1
Let j(g) = -75*g - 1677. What is j(-23)?
48
Let g(t) = -2*t**3 + 97*t**2 - 733*t + 2117. What is g(40)?
-3
Let j(z) = -10*z + 60. Give j(-8).
140
Let n(d) = 5*d**3 + 93*d**2 + 89*d - 1. Determine n(-1).
-2
Let c(l) = l**2 - l - 4720. Determine c(-68).
-28
Let y(f) = -3*f**2 + 208*f - 2199. What is y(13)?
-2
Let w(q) = -q**3 + 84*q**2 - 1107*q + 1281. Calculate w(68).
-11
Let u(a) = a**3 + 26*a**2 - 28*a - 90. Calculate u(-27).
-63
Let z(n) = -62*n**2 - 575*n - 164. What is z(-9)?
-11
Let h(a) = 24*a + 143. Give h(-6).
-1
Let d(a) = -4*a**2 + 63*a + 183. Give d(18).
21
Let c(h) = 136*h**2 - 3554*h + 459. Calculate c(26).
-9
Let k(o) = o**2 + 28*o - 359. Give k(-37).
-26
Let l(d) = d**2 + 37*d - 66. What is l(-38)?
-28
Let p(c) = 6*c**2 + 385*c - 2773. Give p(7).
216
Let x(l) = -9*l + 64. Determine x(2).
46
Let v(j) = -4*j**3 - 5*j**2 + 11*j - 2. What is v(2)?
-32
Let p(o) = -238*o + 4336. Give p(18).
52
Let x(y) = 8*y**2 + 328*y - 10. Determine x(-41).
-10
Let h(j) = -7*j**3 - 6*j**2 + 79*j - 161. Determine h(2).
-83
Let a(s) = -s**3 + 58*s**2 - 108*s + 75. Determine a(56).
299
Let h(j) = -955*j - 21964. Give h(-23).
1
Let n(q) = 488*q - 13171. Calculate n(27).
5
Let p(h) = 2*h**2 + 169*h + 1860. What is p(-13)?
1
Let p(r) = -3*r**3 - 16*r**2 + 16*r + 20. What is p(-6)?
-4
Let a(c) = 2*c**2 + 19*c - 72. Determine a(-12).
-12
Let c(j) = 8*j**3 + 39*j**2 - 3*j. Determine c(-5).
-10
Let j(s) = -14*s**3 - 68*s**2 + 14*s + 12. Give j(-5).
-8
Let k(c) = c**2 + 67*c + 10. Give k(0).
10
Let i(r) = 2*r**3 + 17*r**2 - 41*r - 120. Give i(-10).
-10
Let j(n) = n**3 + 10*n**2 - 24*n + 54. What is j(-14)?
-394
Let y(m) = -5*m**2 - 242*m - 473. Determine y(-2).
-9
Let y(f) = 242*f + 718. Determine y(-3).
-8
Let q(t) = -63*t**2 - 6*t - 18. Give q(-2).
-258
Let y(o) = -10*o - 32. What is y(-2)?
-12
Let w(m) = 4*m**3 + 28*m - 160. Give w(5).
480
Let b(q) = -5*q**3 + 412*q**2 - 168*q + 320. What is b(82)?
-8
Let v(c) = 171*c + 6951. What is v(-41)?
-60
Let g(d) = 15*d + 784. Give g(-50).
34
Let g(y) = -2*y**3 + 8*y**2 - 33. Calculate g(6).
-177
Let h(b) = -b**2 + 330*b - 7905. Calculate h(304).
-1
Let i(x) = x**2 + 2*x - 33. Calculate i(27).
750
Let k(g) = -38*g**2 + 5100*g - 6122. Determine k(133).
-4
Let o(y) = -y**3 + 21*y**2 + 40*y + 51. Calculate o(23).
-87
Let b(t) = 29*t - 73. Determine b(-7).
-276
Let m(x) = -12*x**2 - 8*x - 4. Give m(-5).
-264
Let u(i) = -4*i**3 + 56*i**2 + 10*i + 22. What is u(14)?
162
Let k(i) = 79*i**2 - 874*i + 67. Calculate k(11).
12
Let q(m) = -5*m**3 - 40*m**2 + 13*m - 39. Give q(-8).
-143
Let r(q) = -15*q - 215. Determine r(-30).
235
Let z(j) = -19*j**2 - 4428*j - 226. Calculate z(-233).
7
Let y(t) = -51*t**3 + 350*t**2 + 50*t + 3. What is y(7)?
10
Let h(x) = -27*x + 567. Give h(23).
-54
Let p(y) = 2*y**3 - 11*y**2 - 6*y - 4. Determine p(-4).
-284
Let z(q) = -3*q**2 - q + 39. Give z(-8).
-145
Let l(p) = 5*p - 75. What is l(-9)?
-120
Let a(n) = 3*n**2 - 137*n + 1392. Determine a(15).
12
Let g(d) = 233*d - 17912. Give g(77).
29
Let p(v) = 41*v**2 - v - 1. Determine p(1).
39
Let s(f) = 7*f**3 - 102*f**2 - 46*f + 19. What is s(15)?
4
Let m(l) = 39*l**2 + 261*l + 324. Determine m(-5).
-6
Let x(l) = 16*l**2 - 48*l. Calculate x(3).
0
Let q(t) = -69*t - 1112. Calculate q(-17).
61
Let f(n) = 32*n + 152. Calculate f(-4).
24
Let j(z) = -17*z + 143. Give j(14).
-95
Let i(u) = -u**3 + 16*u**2 - 24*u - 76. What is i(14)?
-20
Let f(h) = -94*h - 1748. Give f(-19).
38
Let c(m) = m**3 + 23*m**2 + 50*m - 15. What is c(-21)?
-183
Let x(q) = -367*q + 6297. Determine x(17).
58
Let f(z) = -11*z + 758. Determine f(67).
21
Let h(m) = -63*m - 12. Give h(1).
-75
Let y(x) = -16*x + 17. Determine y(8).
-111
Let v(j) = -j**3 - 23*j**2 - 134*j + 40. Give v(-12).
64
Let o(a) = -a**3 + 25*a**2 - 53*a - 8. Give o(23).
-169
Let u(c) = -5*c**2 + 46*c - 14. Calculate u(10).
-54
Let n(i) = 30*i + 121. Give n(-3).
31
Let b(q) = -767*q - 1537. What is b(-2)?
-3
Let k(o) = 7*o**2 - 207*o - 24. Calculate k(30).
66
Let t(r) = 5*r**2 - 59*r + 28. Determine t(12).
40
Let w(g) = 14*g + 1273. Calculate w(-91).
-1
Let y(m) = -m**2 - 58*m - 783. Determine y(-41).
-86
Let u(d) = d**3 + 11*d**2 - 7*d - 220. Give u(-9).
5
Let x(a) = -a**3 - 13*a**2 - 25*a + 15. Give x(-11).
48
Let b(r) = -r - 42. Give b(34).
-76
Let q(o) = 17*o + 42. Give q(-6).
-60
Let q(x) = 19*x + 288. Give q(-14).
22
Let s(l) = 106*l - 17378. Calculate s(164).
6
Let q(u) = 3*u + 302. Give q(33).
401
Let r(c) = -282*c + 677. Calculate r(2).
113
Let r(i) = 17*i + 461. What is r(-28)?
-15
Let l(r) = -2*r**2 + 253*r + 2511. Calculate l(135).
216
Let i(s) = -238*s + 4. Calculate i(-1).
242
Let x(y) = -30*y + 1005. What is x(66)?
-975
Let w(f) = -156*f + 55999. Determine w(359).
-5
Let z(b) = 206*b - 1136. What is z(7)?
306
Let u(p) = 4*p**2 + 38*p - 298. Give u(7).
164
Let n(i) = i**2 + 18*i - 36. Give n(-21).
27
Let t(u) = u**3 + 10*u**2 - 50*u - 518. What is t(-8)?
10
Let m(z) = -4*z**3 - 1068*z**2 + 1076*z + 1054. Calculate m(-268).
-18
Let k(z) = -3*z**3 - z**2 + 7*z + 4. Calculate k(-3).
55
Let q(l) = 5*l**3 + 41*l**2 - 73*l - 656. Give q(-8).
-8
Let o(f) = -20*f - 604. What is o(-36)?
116
Let o(i) = -i**2 + 4*i + 23. Calculate o(4).
23
Let j(t) = -7*t**3 + 3*t**2 + t - 4. Give j(-1).
5
Let a(u) = u**3 + 2*u**2 - 59*u - 90. Give a(-8).
-2
Let l(w) = -5*w + 68. Calculate l(18).
-22
Let c(m) = 3*m**3 - 56*m**2 + 85*m - 2. Determine c(17).
-2
Let a(j) = -4*j**2 - 6*j. What is a(-8)?
-208
Let p(i) = -57*i + 2030. Give p(36).
-22
Let o(x) = -x**3 + 9*x**2 - 5*x + 71. Determine o(7).
134
Let t(p) = -p**3 + 2*p**2 + 9*p - 11. Determine t(3).
7
Let y(k) = 2*k**3 + 39*k**2 + 20*k - 32. What is y(-19)?
-51
Let v(c) = -107*c**2 + 967*c + 11. What is v(9)?
47
Let f(w) = -174*w + 70. Determine f(2).
-278
Let w(n) = n**2 - 72*n - 100. Give w(72).
-100
Let p(i) = i**2 + 30*i - 2694. Calculate p(39).
-3
Let p(v) = -8*v**3 - 4*v**2 - 28*v + 31. Calculate p(1).
-9
Let d(j) = -3*j**2 + 80*j - 444. Determine d(8).
4
Let c(k) = -43*k**2 + 814*k - 21. Determine c(19).
-78
Let t(a) = -86*a - 369. Give t(-4).
-25
Let u(x) = 